{"id":938,"date":"2024-08-24T17:41:36","date_gmt":"2024-08-24T20:41:36","guid":{"rendered":"https:\/\/aph.org.br\/congresso-2024\/?post_type=product&#038;p=938"},"modified":"2024-11-12T22:12:00","modified_gmt":"2024-11-13T01:12:00","slug":"inscricao-para-o-congresso-aph-2024-pos-graduando","status":"publish","type":"product","link":"https:\/\/aph.org.br\/congresso-2024\/inscricao\/inscricao-para-o-congresso-aph-2024-pos-graduando\/","title":{"rendered":"Inscri\u00e7\u00e3o para o Congresso APH 2024 &#8211; P\u00f3s-Graduando"},"content":{"rendered":"<h4><strong>Ticket de acesso ao Congresso APH 2024 para Aluno de P\u00f3s-Gradua\u00e7\u00e3o.<\/strong><\/h4>\n<p><strong>Data<\/strong>:\u00a0 \u00a015 e 16 de novembro de 2024<\/p>\n<p><strong>Pre\u00e7os<\/strong>:<\/p>\n<p>&nbsp;<\/p>\n<table class=\" alignleft\" style=\"height: 262px; width: 90.6234%;\" width=\"869\">\n<tbody>\n<tr style=\"height: 48px; background-color: #6c9bba;\">\n<td style=\"width: 18.6206%; height: 48px; text-align: center;\"><span style=\"color: #ffffff;\"><strong>PER\u00cdODO<\/strong><\/span><\/td>\n<td style=\"width: 27.8684%; height: 48px; text-align: center;\"><span style=\"color: #ffffff;\"><strong>S\u00d3CIOS APH OU AMHB<br \/>\nP\u00d3S-GRADUANDO<\/strong><\/span><\/td>\n<td style=\"width: 27.9114%; height: 48px; text-align: center;\"><span style=\"color: #ffffff;\"><strong>N\u00c3O-S\u00d3CIOS<\/strong><\/span><\/td>\n<td style=\"width: 122.024%; height: 48px; text-align: center;\"><span style=\"color: #ffffff;\"><strong>ACAD\u00caMICOS<\/strong><\/span><\/td>\n<\/tr>\n<tr style=\"height: 48px;\">\n<td style=\"width: 18.6206%; height: 48px; text-align: center;\">AT\u00c9 15\/08\/2024<\/td>\n<td style=\"width: 27.8684%; height: 48px; text-align: center;\">R$ 800,00<\/td>\n<td style=\"width: 27.9114%; height: 48px; text-align: center;\">R$ 1.120,00<\/td>\n<td style=\"width: 122.024%; height: 48px; text-align: center;\">R$ 250,00<\/td>\n<\/tr>\n<tr style=\"height: 48px;\">\n<td style=\"width: 18.6206%; height: 48px; text-align: center;\">AT\u00c9 30\/09\/2024<\/td>\n<td style=\"width: 27.8684%; height: 48px; text-align: center;\">R$ 1.000,00<\/td>\n<td style=\"width: 27.9114%; height: 48px; text-align: center;\">R$ 1.400,00<\/td>\n<td style=\"width: 122.024%; height: 48px; text-align: center;\">R$ 350,00<\/td>\n<\/tr>\n<tr style=\"height: 48px;\">\n<td style=\"width: 18.6206%; height: 48px; text-align: center;\">AT\u00c9 14\/11\/2024<\/td>\n<td style=\"width: 27.8684%; height: 48px; text-align: center;\">R$ 1.200,00<\/td>\n<td style=\"width: 27.9114%; height: 48px; text-align: center;\">R$ 1.680,00<\/td>\n<td style=\"width: 122.024%; height: 48px; text-align: center;\">R$ 450,00<\/td>\n<\/tr>\n<tr style=\"height: 48px;\">\n<td style=\"width: 18.6206%; height: 48px; text-align: center;\">No local<\/td>\n<td style=\"width: 27.8684%; height: 48px; text-align: center;\">R$ 1.400,00<\/td>\n<td style=\"width: 27.9114%; height: 48px; text-align: center;\">R$ 1.960,00<\/td>\n<td style=\"width: 122.024%; height: 48px; text-align: center;\">R$ 550,00<\/td>\n<\/tr>\n<\/tbody>\n<\/table>\n<p>&nbsp;<\/p>\n<p>&nbsp;<\/p>\n<p>&nbsp;<\/p>\n<p class=\"p1\"><span class=\"apple-converted-space\">\u00a0<\/span><\/p>\n<p>&nbsp;<\/p>\n<p>&nbsp;<\/p>\n<p>&nbsp;<\/p>\n<p>&nbsp;<\/p>\n<p>Pague com Pix com 5% de desconto ou com cart\u00e3o de cr\u00e9dito em at\u00e9 3x sem juros.<\/p>\n<p><span style=\"font-size: 10pt;\"><em><strong>Este Congresso \u00e9 destinado somente para estudantes, m\u00e9dicos, m\u00e9dicos veterin\u00e1rios e cirurgi\u00f5es dentistas. <\/strong><\/em><\/span><\/p>\n","protected":false},"excerpt":{"rendered":"<h4><strong>8\u00ba Congresso APH 2024 para alunos de p\u00f3s-gradua\u00e7\u00e3o.<\/strong><\/h4>\n<p><strong>Data<\/strong>:\u00a0 \u00a015 e 16 de novembro de 2024<\/p>\n<p><strong>IMPORTANTE:<\/strong> Para validar o desconto para alunos de p\u00f3s-gradua\u00e7\u00e3o, \u00e9 necess\u00e1rio enviar uma c\u00f3pia do CPF e um comprovante recente de pagamento ou uma declara\u00e7\u00e3o de matr\u00edcula emitida pela institui\u00e7\u00e3o de ensino superior (IES)(medicina, veterin\u00e1ria ou odontologia).<\/p>\n<p>Por favor, encaminhe esses documentos para o e-mail: <a rel=\"noopener\">adm@aph.org.br<\/a>.<\/p>\n","protected":false},"featured_media":984,"template":"","meta":[],"product_brand":[],"product_cat":[20],"product_tag":[],"class_list":{"0":"post-938","1":"product","2":"type-product","3":"status-publish","4":"has-post-thumbnail","6":"product_cat-congresso-2024","8":"first","9":"instock","10":"virtual","11":"sold-individually","12":"taxable","13":"purchasable","14":"product-type-simple"},"_links":{"self":[{"href":"https:\/\/aph.org.br\/congresso-2024\/wp-json\/wp\/v2\/product\/938","targetHints":{"allow":["GET"]}}],"collection":[{"href":"https:\/\/aph.org.br\/congresso-2024\/wp-json\/wp\/v2\/product"}],"about":[{"href":"https:\/\/aph.org.br\/congresso-2024\/wp-json\/wp\/v2\/types\/product"}],"wp:featuredmedia":[{"embeddable":true,"href":"https:\/\/aph.org.br\/congresso-2024\/wp-json\/wp\/v2\/media\/984"}],"wp:attachment":[{"href":"https:\/\/aph.org.br\/congresso-2024\/wp-json\/wp\/v2\/media?parent=938"}],"wp:term":[{"taxonomy":"product_brand","embeddable":true,"href":"https:\/\/aph.org.br\/congresso-2024\/wp-json\/wp\/v2\/product_brand?post=938"},{"taxonomy":"product_cat","embeddable":true,"href":"https:\/\/aph.org.br\/congresso-2024\/wp-json\/wp\/v2\/product_cat?post=938"},{"taxonomy":"product_tag","embeddable":true,"href":"https:\/\/aph.org.br\/congresso-2024\/wp-json\/wp\/v2\/product_tag?post=938"}],"curies":[{"name":"wp","href":"https:\/\/api.w.org\/{rel}","templated":true}]}}